me number?
True
Suppose -27 = r - 0. Let a(u) = -u**2 - 12*u + 4. Let n be a(-6). Let m = n + r. Is m composite?
False
Let k = 12 + -3. Suppose 2*b = 3*s + 6, 3*b + 0*b - 5*s = k. Is 1/b - (-352)/6 composite?
False
Let k(t) be the first derivative of 4*t**2 + 3*t + 2. Let w be k(4). Suppose -w = c - 114. Is c prime?
True
Let y(l) = 20*l - 5. Let q = 4 + 4. Is y(q) composite?
True
Let y be 210/40 + 2/(-8). Suppose 0 = 3*a + a + 5*b + 3, -4*b - 3 = 3*a. Suppose a*l = 2*s - 26, 0*s - 4*l + 111 = y*s. Is s a composite number?
False
Let q(o) = -o + 8. Let p be q(7). Let z(b) = 266*b**2 - 1. Is z(p) prime?
False
Let k(l) = -4 + 6 - 4 + 8*l**2 - 2*l + l**3 - 6. Is k(-7) a composite number?
True
Suppose -862 = -p - x, 2*p + 3*x = -x + 1718. Is p a composite number?
True
Let p(b) = 7*b**3 - 3*b**2 - 2*b - 7. Is p(3) a composite number?
False
Let b(m) = 0 - 14*m - 3*m - 1. Suppose 0 = -3*t - 4 - 2. Is b(t) prime?
False
Let b = 78 + -39. Is b a prime number?
False
Suppose 3*o - s + 401 = 1209, 0 = -o - 5*s + 264. Let q = o - 124. Is q a prime number?
False
Suppose 5*u = 3*x - 22, 0 = x + x + 5*u + 2. Suppose -k + 3*j = -91 - 62, 3*k - 407 = -x*j. Is k a prime number?
False
Is (-1 + -992)*(-7)/(-3 + 10) composite?
True
Let o(t) = -5*t. Is o(-11) prime?
False
Let c = 1568 - 890. Is c/(-12)*-2*1 composite?
False
Suppose 3*s - 894 = -273. Suppose 0 = -4*k + k + s. Is k prime?
False
Suppose 0 = -3*s - 7*l + 3*l + 2597, 5*s - 4*l = 4371. Is s a composite number?
True
Let r = 743 + -292. Is r a prime number?
False
Suppose 0*g - 96 = 2*g. Let w be (-3 + g)*1/(-3). Let d = 26 - w. Is d composite?
True
Is (4/6)/(3/1179) prime?
False
Let l = -64 - -403. Is l composite?
True
Let v = -552 + 1405. Is v a prime number?
True
Let r(q) = 308*q + 21. Let n(m) = -77*m - 5. Let t(h) = -21*n(h) - 5*r(h). Is t(1) composite?
True
Let d = 6 - 6. Let v = 29 - -4. Let n = d + v. Is n composite?
True
Let o = -6 + 10. Let y(q) = q - 2. Let u be y(o). Suppose -b + u*n + n + 14 = 0, 5*b + 5*n - 50 = 0. Is b a composite number?
False
Let v be (-1)/(1 - (-12)/(-14)). Let d(g) = 6*g**2 + 14. Let i(r) = 5*r**2 + r + 13. Let q(m) = -4*d(m) + 5*i(m). Is q(v) prime?
True
Suppose 5*y - 110 - 25 = 0. Suppose 5*d - y = -2. Suppose a = -2*a + 6, -5*g + 45 = d*a. Is g prime?
True
Let c(o) = 8*o**2 + 9*o + 27. Is c(-10) a composite number?
True
Let g be 11*((-6)/(-3))/2. Suppose -g*x + 9*x = -106. Is x prime?
True
Let b(o) = o + 3. Let c be b(0). Suppose -w + 948 = c*w. Suppose -3*f + 0*f + w = 0. Is f composite?
False
Let u be 4/5 + 96/5. Let d be (41/(-2) - -1)*-2. Let j = d - u. Is j a composite number?
False
Is (-5)/(-20)*2*(277 - -1) prime?
True
Let l(n) = -2*n**2 - 21*n - 1. Is l(-9) prime?
False
Let w be (-1)/(-4) + 50/(-8). Let b(a) = 2*a + 9. Let d be b(w). Is ((-66)/d)/(2/2) a prime number?
False
Let z be 2/(-6) - 781/(-3). Suppose y - 441 = 4*y. Let l = y + z. Is l composite?
False
Let f be (-348)/(-2) + 4/2. Suppose 4*x = 4*v - f, -x + 21 = v - 13. Is v composite?
True
Let t be (-2)/(-6)*(-3 - -12). Suppose -5*q = -q + t*o - 647, o = -4*q + 653. Suppose 3*d - q = -5. Is d composite?
False
Suppose 2*m - x - 3 = -4*x, x - 14 = -5*m. Is 36 + m + 3 + -5 a prime number?
True
Let b = 1 + -4. Is (308/(-8))/(b/6) a composite number?
True
Let x be 7*-1 + (7 - 3). Is (x/(-6))/((-3)/(-570)) prime?
False
Let b(p) = 3*p**2 - p**3 + 2*p**3 - 5 - 4*p**2. Let u(t) = t**2 + 5*t - 1. Let a be u(-6). Is b(a) a composite number?
True
Let l(c) = -24*c**3 + c - 4. Is l(-3) composite?
False
Let o = 0 - -9. Let p(u) = u**3 - 9*u**2 + 2*u + 4. Is p(o) a composite number?
True
Let w = 12 - 7. Let m(s) = w*s - s**3 - 4*s - 2*s - 1 + 5*s + 9*s**2. Is m(4) a prime number?
False
Let n(k) = -2*k**3 - 7*k**2 - 5*k + 7. Suppose 3*v + 3 + 15 = 0. Is n(v) prime?
False
Let k(l) = l**2 - 6*l + 4. Let f be k(4). Let a = f - -4. Suppose -4*w - v = -a*v - 103, -3*v = -4*w + 91. Is w composite?
True
Let s(q) = 5*q**2 - 4*q - 5. Is s(12) a composite number?
True
Let c(n) = n**2 - 2*n. Let m be c(3). Let w(j) = j**3 + 3*j + 1. Is w(m) composite?
False
Suppose -5*d + o - 160 + 2737 = 0, -4*o + 2567 = 5*d. Is d prime?
False
Let f(m) = 23*m. Let w be f(-1). Is (w - (0 - 1))/(-1) a composite number?
True
Suppose -5*q - 2*d = -435, -4*q + 228 = -2*d - 120. Is q a composite number?
True
Let t = -6 + 3. Is (1/t)/((-4)/444) a composite number?
False
Let n(x) = x**2 + 3*x - 5. Let b(i) = 4*i - 3. Let t be b(2). Is n(t) composite?
True
Let r(s) = 146*s**2 - 3*s. Let o be r(2). Let m = o - 285. Is m a prime number?
True
Suppose -2*z + 2 = -2*c, 0*z - 4*z = 5*c + 23. Is 136 - (0 + 6/z) a prime number?
True
Suppose 3*b + 4*f - 17 = 0, -2*f + f = 4*b - 1. Is 226/(-2)*b/1 a composite number?
False
Suppose -4*m = -288 - 132. Suppose -4*v = -437 + m. Is v prime?
True
Let o(y) = y**3 + 3*y**2 - 4*y - 2. Is o(-3) a prime number?
False
Is (-32)/8*37/(-2) composite?
True
Is ((-4)/16)/((-1)/1772) prime?
True
Let u(z) = 13*z**2 + 8*z - 3*z**2 - z**3 - z - 11 + 0*z**3. Is u(5) composite?
False
Let v(u) = u**3 + 5*u**2 - 8*u - 8. Let r be v(-6). Suppose 0 = -r*n - 2 + 10. Suppose -n*q = -8 - 58. Is q a composite number?
True
Suppose -10*q = -15*q + 1065. Is q prime?
False
Let v(c) = c + 7 - 5 + 19 + 2. Is v(0) a prime number?
True
Suppose 5*x + 5*m - 190 = 0, m + 2*m = -2*x + 76. Let n = x - 17. Is n composite?
True
Let u(q) = -5*q - 5. Let h = -9 - -3. Let g be u(h). Suppose -y + g = -0*y. Is y a prime number?
False
Let u be (98*-1)/(-5 - -3). Let o = u - 24. Is o composite?
True
Let v be (-5 - -3) + 5 + -1. Let m(x) = 101 + 30 + 32 - x**v + x. Is m(0) composite?
False
Is 4/8*(530 - 0) prime?
False
Let l(g) = g - 3. Let u be l(2). Is ((-38)/2)/(u/1) composite?
False
Is (-1)/(-2) - 757/(-2) composite?
False
Let v(p) = -2*p**2 - 1 + 6*p + 2*p**2 + 2*p**2. Let h be v(-9). Let b = -22 + h. Is b composite?
True
Suppose 3 = 2*w - 7. Suppose 4*d = -w*v + 162, -3*d - 3*v + 45 = -75. Is d prime?
False
Let v(c) = -c**3 + 4*c**2 - 4*c + 3. Let m be v(3). Let b be ((-24)/3)/(m - 2). Suppose -j - o + 74 = 2*j, 5*o = -b*j + 84. Is j prime?
False
Suppose 580 = 3*m + 4*i - 1254, 5*i + 10 = 0. Is m composite?
True
Let v(o) = 43*o**3 - 2*o**2 + 1. Let u be v(1). Let d = 223 + u. Is d a prime number?
False
Suppose -y = -3*q + y + 1355, -4*q + 4*y = -1812. Is q prime?
True
Let k = -17938 - -26223. Is k a composite number?
True
Is (-4)/6 - -2*(-80005)/(-30) a prime number?
True
Let u = -50 - -443. Is u a prime number?
False
Let w = 166 - 79. Is w prime?
False
Let s = 19 - 15. Suppose 0 = -a + 3, -s*a - 113 = -2*b + 13. Is b prime?
False
Let s(k) = 143*k - 42. Is s(13) a composite number?
True
Suppose -3*r + 49 - 4 = 0. Let q be ((-14)/5)/((-6)/r). Suppose 5*f = q*f - 110. Is f composite?
True
Let j(o) = 295*o**3 - 2*o**2 + 3*o - 1. Is j(1) a prime number?
False
Let f be ((-7)/2)/((-4)/(-40)). Let l = 66 + f. Is l a composite number?
False
Let x(d) = d**3 + 5*d**2 - 6*d + 4. Let l be x(-6). Let s = l - 26. Let m = 32 + s. Is m a composite number?
True
Suppose -2*h + 2*q = -426, q + 631 = 3*h - 0*q. Is h a prime number?
False
Suppose 3*z - 25 = 4*x, 5*x - z + 26 - 3 = 0. Let i be x/20 + (-29)/5. Let p = 16 + i. Is p prime?
False
Let d be (-6)/(4/(-50) + 0). Let c = 7 - 11. Is c/(-6)*d/2 a composite number?
True
Let x be (1 - 3379)*3/(-2). Let f be (-2)/11 - x/(-99). Let r = 4 + f. Is r a composite number?
True
Suppose m + 235 = 2*m - 4*n, 4*n = -3*m + 769. Is m a prime number?
True
Is (-1465)/((-2)/(-2)*-1) prime?
False
Let i(z) = -z - 2. Let f be i(-6). Let q be ((-4)/(-4))/(2/f). Is ((-10)/q)/((-2)/26) a composite number?
True
Is (21 + -1)*(345/(-20))/(-3) prime?
False
Suppose -2*n + 0 = 5*q + 19, 2*q + 13 = n. Suppose 0*s + 963 = n*s - 4*a, 2*a = -4*s + 1262. Is s prime?
True
Let y = 279 - 146. Suppose y = c - 324. Is c composite?
False
Let p(t) be the third derivative of 0 + 7/60*t**5 + t**2 - 1/3*t**4 + 1/120*t**6 + 0*t - 5/6*t**3. Is p(-6) prime?
True
Let t = -41 + 156. Is t prime?
False
Let o be (4/(-1))/(-2) + 0. Suppose -m - o*i = m - 472, -3*i = 4*m - 947. Is m prime?
True
Suppose 3*z + 187 = -0*z + 5*j, 0 = -2*z - j - 103. Let q = z - -149. Is q prime?
False
Let w = -15 + 14. Let g(a) be the third derivative of -25*a**4/24 + a**2. Is g(w) prime?
False
Let k 